hat is the value of -1 + 4 - (104 + -109 + 5 + 1 + 1)?
1
Evaluate (0 - 32) + 50 + -68 - -10.
-40
What is the value of (-48 - -36 - -15) + (6 - 1) - -23?
31
Evaluate (-571 - -495) + -9 + 82.
-3
What is -3 + 4 - ((-16 - -12) + (9 - 9))?
5
What is 25 - 30 - (64 + 6 + -31)?
-44
What is the value of (102 - 160) + (28 - 0) + -43?
-73
Evaluate (-59 - -1) + 5650 + -5641.
-49
-13 + 17 - ((1 - 1) + -2 + -35 + -7)
48
What is the value of -1371 + 1344 + (0 - (-3 - 6))?
-18
What is the value of -2 + 10 - (69 - (99 - 36))?
2
What is the value of 94 + -1 + (12 - (-23 - -40)) - (1 + 3)?
84
Evaluate 83 - 10 - (-2 + 7 - 21) - (4 - -2).
83
What is the value of -24 + 9 + 44 + -66?
-37
Calculate -3 + 0 + (-10 - -5) + -54 + 9.
-53
Evaluate (-4 - 15 - 24) + 16 + (-19 - -3 - -1).
-42
Calculate 2 + 11 + (-24 - (-30 + 12)) + 97.
104
Evaluate -7 + 1 + 129 - (664 + -629).
88
What is the value of 12 + (-27 - (19 + -1 + -5 + -20))?
-8
Calculate -6 + -4 - (-74 - -58).
6
What is the value of -117 - (-3 - (8 + 10 - -1)) - (2 - 1)?
-96
What is the value of (20 - 1) + (978 - 1012) - 6?
-21
Evaluate (415 - 432) + (-2 - 15).
-34
33 + (-15 + 1 - (-7 + 6) - (-23 + 14))
29
Calculate 39 + -10 - (42 - 7).
-6
-11 + (4 - (-1 - 17)) + -31
-20
Evaluate (-73 + 89 - (-74 - (0 + 4))) + (-16 - -2).
80
Calculate 1 - 3 - -37 - (22 + -33 + 7).
39
What is the value of (-7 - -24 - 1) + -18 - -16?
14
What is the value of (6 - 3) + (75 - 76) + 1?
3
(-44 - (-14 - -28)) + 8 + 10 + -3
-43
Evaluate -2 + 29 + -12 + -8 + (8 - (10 - 12)).
17
3 + 28 - (1471 + -1384)
-56
(14 - (-36 + 1 + 26)) + -34
-11
What is the value of -136 + 51 - (-15 + -11) - (-2 + -18)?
-39
Calculate (-144 - -77) + (105 - -15).
53
What is the value of -2 + -29 + -2 + -2 + 27 + -8?
-16
Evaluate 14 + (7 - 26 - (-13 - -3)) + -55.
-50
What is the value of (38 - (228 + -152)) + (-5 - (-1 + 1)) + 2?
-41
Evaluate 11 + 1 - (-14 - ((9 - 23) + -2)) - -9.
19
What is (0 - 8 - (-377 + 379)) + (-49 - -2)?
-57
What is 13 + -26 - (4 + 39 + -7) - -11?
-38
What is the value of -56 - (-7 + -12 + (-24 - -53))?
-66
What is the value of 26 - (-5 - (-26 + -4 + (12 - 1))) - 34?
-22
12 + 8 - (4 + 8) - ((14 - 4) + -83)
81
0 + (1 + -10 + (-1 - (9 - 21)) - -42)
44
-4 + 7 + (1 - -11) + -55 + 37
-3
Evaluate -1 + (113 - 100) + 2 + -7 + -2.
5
Evaluate -121 + (-75 + 35 - -107) + -40.
-94
What is (20 - -11) + -75 + 106?
62
What is -5 + (-7 - -25) + -48 - -2?
-33
Evaluate (-26 - -19) + 28 - (55 + -13).
-21
-31 + (-5 - (12 - 5)) + 1 - 12
-54
What is -19 - (-15 + (3 - 6)) - 27?
-28
What is (1 - 2) + (23 - 4) + (-25 + 10 - -40)?
43
What is -139 + 192 - (15 - -12)?
26
What is the value of -58 + (78 - 98 - -102)?
24
Calculate -101 - (-61 + -6 + 9).
-43
Evaluate -32 - (113 - 26 - 98).
-21
Evaluate -4 + -7 + -47 + 34 + 33 + (-13 - -1).
-3
What is the value of 65 + -79 + 65 + -105?
-54
What is the value of (-1 + -36 - (-5482 + 5445)) + (2 - 1) + -128?
-127
Calculate 72 + (-187 - (-146 - -79)).
-48
-5 + -77 + 14 + 2 + -24
-90
Evaluate (2 - 9) + -5 + -24 + 34.
-2
-52 - ((33 - (1 - -36)) + 0 + (2 - -2))
-52
Evaluate 9 + -3 + 2 + -7 + 1 - -6 - -6.
14
39 + 12 + -43 + 0 - (32 + 0)
-24
What is the value of 20 + 0 + (52 - 56) + -25 + -93?
-102
Calculate (-3 + -8 + 22 - 2 - (-4 - 5)) + -2.
16
Evaluate -53 + 15 - 8 - -29.
-17
What is the value of (1 - (0 + 2)) + 1635 + -1646?
-12
What is 57 + 2 + 9 + 2 + 10 + -21?
59
What is the value of 3 + -4 + 1 + 0 + 24 + (-21 - -26)?
29
Evaluate -128 + 111 + -41 - -49.
-9
(-15 + -45 - -31) + 52
23
Calculate -2 - -17 - (-1756 - -1805).
-34
What is the value of (-4 + 8 - 1) + -9 + (9 - 32)?
-29
-7 + 6 + -1 + 5 + -74 - (-10 - -2)
-63
Evaluate (-3 - (-23 + 20 - 13)) + -43.
-30
(-43 - 0) + (-23202 - -23171)
-74
What is -31 + (37 + (1 - 2) - 8)?
-3
What is the value of -39 - (-65 - (3 - 15))?
14
Evaluate -25 + 21 + 97 + -26 - -9.
76
Calculate (32 - (9 - 23)) + -25.
21
What is the value of -9 + -53 + (16 - (-27 - -17))?
-36
Calculate -41 - (-5 - 80) - -36.
80
Evaluate 3 + 11 + (-19 + 4 - -7 - -13) + -14.
5
-33 - ((-2 - -4) + -5) - (157 - 144)
-43
What is -20 + -1 + 28 + 1 + 34?
42
Evaluate -3 + 1 + 10 + -7 + 5 + 46 + -2.
50
Evaluate -34 + (-18 + -1 + 26 - -11).
-16
19 + ((35 - 8) + -12 - 18)
16
Evaluate -1 - -20 - (165 - 66 - 96).
16
Calculate (2 - -1 - -43) + -17.
29
What is the value of -107 - (91 + -57 + -41 + -9)?
-91
Evaluate (29 - (12 + -42)) + -43.
16
Calculate -66 + 116 + 7 - 59.
-2
What is -82 + 15 + -4 + (31 - 35) + (-6 - 0)?
-81
What is the value of (-52 - (98 + -3)) + 50?
-97
Calculate 6 + -4 - (-343 - -341) - -3.
7
What is 15 - (-10 + (-10 - -8) - (-90 - -13))?
-50
What is -28 + -74 + 63 + -21?
-60
Evaluate 9 - -80 - 9 - ((8 - -11) + -10).
71
Calculate -55 - (19 - (-17 + 73)).
-18
Evaluate -24 - -22 - -112 - 214.
-104
Calculate (440 - 426) + (35 - 4).
45
Calculate -9 - (-216 + 247 + -17 + 3 + -12).
-14
What is the value of 31 - (81 - (-32 + 21))?
-61
(-12 - -2 - (-41 - 11 - -45)) + -42
-45
What is 2 + -28 + 583 + -556?
1
What is the value of (-10 - 2) + 14 + 4 + -72 + -9 + 17?
-58
What is -42 + 40 + -10 + 37?
25
Evaluate (-94 - -66 - -106) + 37.
115
What is the value of 19 + 28 + -23 - -54 - 28?
50
Calculate (0 - -64) + 203 + -100 + -101.
66
What is 57 - (198 + -25) - -94?
-22
27 + -93 + 127 - 65
-4
What is the value of 18 + -25 + (40 - (-10 - 21))?
64
Evaluate -11 - (35 + (-33 - (-20 - -127))).
94
Evaluate (-7 - ((-239 - -220) + (-1 - -45))) + 0 + 10.
-22
Evaluate 0 - (18 + (-3 + -7 - (34 + -30))).
-4
Calculate 33 + -6 + -34 + 25 + -11 - (8 + 0).
-1
Evaluate -15 - (2 - 2 - 5) - -4 - (12 + -16).
-2
Calculate -15 - -10 - (51 - (-16 + 17 + -14)).
-69
What is (-2 + -2 + -6 + 8 - 10) + -19?
-31
Calculate 60 + (-67 - -55) - 71.
-23
-1679 + 1646 - (-7 + -2 - (1 + 1))
-22
What is -12 + -33 - (-6 + (0 - (-6 + -6)) + -3)?
-48
What is the value of 57 + (-44 + 39 - (-24 - -1))?
75
Calculate (-20 + 34 - 7) + (5 - 21).
-9
Calculate -5 + (12 - (2 - (1 + 2))) + -45.
-37
What is (3766 - 3825) + (62 - 0)?
3
Calculate 189 + (-39 - 35) - 46.
69
Evaluate -177 - -196 - (0 - 9).
28
(-76 + (44 - 31) - -39) + -9 + -1
-34
What is the value of -15 + 1 + 3 + 3 + (-76 - (-7 + 2))?
-79
Evaluate -2 - 6 - (11 - -9) - -17 - -87.
76
What is -82 + -47 + 130 - 80?
-79
Evaluate 45 + (11 - (-9 + 18) - -2).
49
What is the value of 234 - 79 - ((38 - 14) + -4 + 3)?
132
Calculate (61 - 116) + 69 - (27 + -1).
-12
What is -59 + (-23 - (12 - 15 - 4))?
-75
Evaluate 14 + -44 - (5 + (13 - (6 - -3)) + -8).
-31
What is the value of -37 - -5 - (-41 - (71 + 7))?
87
What is the value of -44 - -14 - (10 + -31) - (3 + -2 + -45)?
35
What is (2175 + -2174 - ((0 - 1) + -32)) + (1 - -9)?
44
Calculate (1 - (-27 - -16) - -4) + (3 - -10) - 8.
21
What is the value of (23 - (-14 + -8 - -9)) + -23?
13
What is the value of 12 + -10 + (0 - -7) + 2 + -359 + 256?
-92
Evaluate 14 - ((20 - 24 - 7) + 19) - (-10 + 0).
16
What is the value of 0 + 58 + (-1123 - -1123)?
58
Calculate 9 + 0 + -8 + -6 + (-31 - -44) - -75.
83
What is the value of -109 + 15 - (-214 + -4)?
124
What is 33 + (25 - (49 + 20))?
-11
3881 - 3874 - (-1 + 1 - (-24 + 3 + -1))
-15
What is the value of 9 + (-140 - 19) + (32 - (32 - 24))?
-126
What is the value of -10 - (-18 - (1 + -6) - (-13 - (-16 - -34)))?
-28
(-69 - (116 - 43)) + 70
-72
Evaluate (-49 - 1) + (-1277 - -1367).
40
-2 + -12 + (3 - 12 - (-106 - 7))
90
Evaluate -6 + -19 - (-13 + -5 - -8).
-15
Evaluate 16 + 0 + 24 + (100 - 144).
-4
Evaluate 28 + -108 - -36 - -37.
-7
Evaluate 34 - ((-6 - (-11 + 6)) + (24 - 21)).
32
8 + (-58 - -17 - -19 - (4 - -114))
-132
What is (27 - 123) + -100 + 213?
17
Calculate 91 + (-40 + 11 - (9 + -24)).
77
Calculate -22 + (29 - 48) + 27.
-14
Evaluate -62 + (23 - (21 - -1)).
-61
What is 5 + -4 + -25 - (36 + -29)?
-31
Calculate 8 - (-4 + 13 - (-2 - 2) - 26).
21
Evaluate 41 - (32 - 9) - 18.
0
-12 + 21 + -29 - (8 - -5)
-33
What is 14 + 1 + -36 + 53 + -46 + 23 + 24?
33
Evaluate (-4 - -88) + (-2412 - -2362).
34
Calculate -17 + 2 + 14 + -4 + -28.
-33
Calculate 99 + (12 - (29 - 63) - 40).
105
Evaluate (-44 - -46 - 83) + 3.
-78
What is the value of 1 - ((-4 - -75) + 7) - (-15 - (-3 - 11))?
-76
Evaluate 12 + (-19 - -1) + 17 + (-84 - -77).
4
Calculate -25 + (17 + -7 - (32 + -56)).
9
-125 + 68 + -30 + 36 + -14 + 2 + -2
-65
What is (-5 - ((0 - -15) + -65)) + 8 + -19?
34
5